 12, what is 0 - -131a9?
131a9
In base 7, what is -3526 - -2?
-3524
In base 10, what is 256 + -75?
181
In base 12, what is -862 + 443?
-41b
In base 12, what is 113 - -2a3?
3b6
In base 7, what is -3 - -5130?
5124
In base 3, what is -110101112 - 1?
-110101120
In base 3, what is -2012220 + 10102?
-2002111
In base 2, what is -10111000 - 111001100111?
-111100011111
In base 6, what is -1053035 - 0?
-1053035
In base 4, what is -20102322 - -2?
-20102320
In base 4, what is -11 - -10020311?
10020300
In base 8, what is 3 + 24162?
24165
In base 5, what is -1 + -1441144?
-1441200
In base 13, what is -6 + 2077b?
20775
In base 4, what is 121 - 2322133?
-2322012
In base 7, what is 15260 - 0?
15260
In base 14, what is 1 - -bb238?
bb239
In base 4, what is -101200223 + 3?
-101200220
In base 7, what is 113146 - 0?
113146
In base 15, what is 16 + -34c?
-336
In base 2, what is 1010101 - 10111000010011?
-10110110111110
In base 15, what is -2 + 16a12?
16a10
In base 15, what is -e67 + 2?
-e65
In base 15, what is -e - -3a7?
398
In base 3, what is -101002121002 + -201?
-101002121210
In base 16, what is -707 + 12?
-6f5
In base 15, what is -2 - -9541c?
9541a
In base 5, what is 31201 - 431?
30220
In base 15, what is 29a - -24b?
4e6
In base 16, what is 2 - -9306?
9308
In base 9, what is -1 + -27804?
-27805
In base 7, what is -633342 + 4?
-633335
In base 16, what is -552 - 2f?
-581
In base 13, what is 2 - 15159?
-15157
In base 7, what is 315 + 4433?
5051
In base 16, what is 1c + -1306?
-12ea
In base 7, what is 4 + 1202412?
1202416
In base 16, what is 2ebb9 + -12?
2eba7
In base 6, what is 130 + 544101?
544231
In base 15, what is -17e063 + 2?
-17e061
In base 11, what is -23a04 - 1?
-23a05
In base 5, what is 21022412 - -112?
21023024
In base 6, what is 2 - -15255502?
15255504
In base 4, what is -1110011 + -13?
-1110030
In base 13, what is 85ba - -27c?
8869
In base 16, what is 17 + 3cf1?
3d08
In base 5, what is 3042041 - -2?
3042043
In base 11, what is 75 - -47012?
47087
In base 8, what is 3 + 60100?
60103
In base 14, what is -5 + -146c1?
-146c6
In base 10, what is 94 + -931?
-837
In base 3, what is -1021200 - 111202?
-1210102
In base 10, what is 266 + -87?
179
In base 13, what is -16 - 43b?
-454
In base 15, what is -11dd3 - 1?
-11dd4
In base 11, what is 7 - 1a098?
-1a091
In base 16, what is 2 + -45570?
-4556e
In base 7, what is -6 + -5402?
-5411
In base 5, what is 421 + 244?
1220
In base 11, what is -6a1 - -a?
-692
In base 11, what is -544a6 - -3?
-544a3
In base 13, what is 2 - -8516?
8518
In base 12, what is 7b6 + -891?
-97
In base 9, what is 13875 - 5?
13870
In base 6, what is -212142 - -20?
-212122
In base 2, what is -11101 - 110100001?
-110111110
In base 16, what is 54a - -98?
5e2
In base 5, what is 42331 + -3131?
34200
In base 10, what is -3 - -8674?
8671
In base 4, what is 2022 - -201010?
203032
In base 6, what is 2013 + 1415?
3432
In base 15, what is -bad6 - b?
-bae2
In base 12, what is -1 + -28a4a?
-28a4b
In base 4, what is 120031333 + -10?
120031323
In base 11, what is -8 - 2093?
-20a0
In base 13, what is -4 + 2a6?
2a2
In base 14, what is -13b8 - b8?
-1492
In base 14, what is 8 + 166d5?
166dd
In base 15, what is 408 - 325?
d3
In base 13, what is 5 + -26854?
-2684c
In base 9, what is 1 + -4501?
-4500
In base 6, what is -5 + 4001245?
4001240
In base 15, what is -48b1 - -5?
-48ab
In base 14, what is -1b1 - -1a98?
18c7
In base 8, what is -7 + 1447612?
1447603
In base 13, what is -5 - 2a259?
-2a261
In base 16, what is -2880b4 - -3?
-2880b1
In base 11, what is -6665 + -1?
-6666
In base 5, what is -114000 + -12401?
-131401
In base 4, what is -31 + -100112?
-100203
In base 16, what is 8f87 - 6?
8f81
In base 16, what is 4 - -17d4fb?
17d4ff
In base 12, what is -318098 + -4?
-3180a0
In base 15, what is 3343 - c?
3336
In base 16, what is 802 - -97?
899
In base 5, what is 1102 + -2110?
-1003
In base 5, what is 334144021 + 1?
334144022
In base 9, what is -18445 + -1?
-18446
In base 7, what is -1444 - -40?
-1404
In base 15, what is 34 + -9?
2a
In base 7, what is -11320 + -22?
-11342
In base 7, what is -415 - 234?
-652
In base 8, what is 7 - -455340?
455347
In base 2, what is -11001010 - -100111110?
1110100
In base 3, what is -211012001221 - -12?
-211012001202
In base 15, what is 48624 - 0?
48624
In base 16, what is -d58e + 1?
-d58d
In base 15, what is -2ea76 + -1?
-2ea77
In base 5, what is -303422 + -113?
-304040
In base 3, what is 212 - -100111100202?
100111101121
In base 9, what is 3 + -88370?
-88366
In base 14, what is 32 - 62?
-30
In base 16, what is -136 + -11?
-147
In base 12, what is 1 - 7323?
-7322
In base 13, what is -c56 + -2?
-c58
In base 9, what is 0 + 1346257?
1346257
In base 16, what is -2 + -61e?
-620
In base 5, what is -1031 + -1224?
-2310
In base 14, what is 49a9 - 7?
49a2
In base 12, what is 8b0b3 - 3?
8b0b0
In base 2, what is 10011001001 + -11001010001?
-110001000
In base 11, what is 4 - 64683a?
-646836
In base 6, what is -310 + 212?
-54
In base 3, what is 112200020 + 21021?
112221111
In base 12, what is -1 - -6675?
6674
In base 3, what is -12 - 1020201222?
-1020202011
In base 11, what is 2 - 13032?
-13030
In base 7, what is -6434145 + 5?
-6434140
In base 8, what is 7727 + 41?
7770
In base 4, what is -20 + 31212?
31132
In base 16, what is -35 - c1?
-f6
In base 16, what is -1048 + -61?
-10a9
In base 3, what is -120001 - 12?
-120020
In base 16, what is -29e - d0c?
-faa
In base 7, what is -23006 + 1?
-23005
In base 12, what is 15 - 1a07a?
-1a065
In base 12, what is 1 + 4489a5?
4489a6
In base 7, what is 144 + 31322?
31466
In base 7, what is -165 + 2465?
2300
In base 13, what is 39 - -ac?
118
In base 14, what is 15227 + -3?
15224
In base 12, what is -12004a6 + -3?
-12004a9
In base 6, what is 55 - -3403023?
3403122
In base 14, what is -2c359 - 3?
-2c35c
In base 13, what is 511 - 46?
498
In base 15, what is 4 - -7856b?
78570
In base 14, what is 121 + 90d?
a30
In base 4, what is -13223323 + 1030?
-13222233
In base 12, what is -1 - 1b11?
-1b12
In base 15, what is -e + -bb3?
-bc2
In base 11, what is 727 - 4a7?
230
In base 13, what is 2c6c - -7?
2c76
In base 13, what is -8c95 + -6?
-8c9b
In base 8, what is -10 - 13324?
-13334
In base 13, what is 11c + 301?
420
In base 5, what is -103143001 - 0?
-103143001
In base 15, what is -3 - 353b6?
-353b9
In base 8, what is -140316 + 4?
-140312
In base 15, what is 0 - ada?
-ada
In base 8, what is 734 - 42?
672
In base 7, what is -10462 - 1254?
-12046
In base 6, what is -33441 - 12?
-33453
In base 11, what is -17a3 + -792?
-2485
In base 16, what is -c + -54c8?
-54d4
In base 12, what is -18252 + -2?
-18254
In base 12, what is 4 - -4000?
4004
In base 7, what is 4530 - -1?
4531
In base 16, what is -5 + -733d?
-7342
In base 2, what is 11011010000100 - -1?
11011010000101
In base 14, what is 318a + -3?
3187
In base 8, what is -21 - -3373?
3352
In base 2, what is -10110100111100110100 - -1?
-10110100111100110011
In base 12, what is 2a57 + -1b3?
2864
In base 3, what is -202102 - -11000?
-121102
In base 13, what is 365 + 21?
386
In base 9, what is -31 - -141017?
140876
In base 3, what is -10122110201010 - -1?
-10122110201002
In base 16, what is 289 + -5?
284
In base 16, what is 1a1f - 3?
1a1c
In base 11, what is a9 + -267?
-169
In base 14, what is 928b - -9?
9296
In base 4, what is 122210 + 1012?
123222
In base 14, what is -81b0 + -3?
-81b3
In base 4, what is -3331300310 - -2?
-3331300302
In base 6, what is 0 - -1555533?
1555533
In base 16, what is -1 - 1876?
-1877
In base 15, what is -764 + 68?
-6eb
In base 12, what is 3 - 87360?
-87359
In base 11, what is 11 + 17a1?
1802
In base 10, what is -31675 + -2?
-31677
In base 9, what is -3058 + -306?
-3365
In base 10, what is 2 + 555451?
555453
In base 5, what is 211312 + 32?
211344
In base 2, what is -11 + 10100110111100?
10100110111001
In base 14, what is -9244c + -4?
-92452
In base 11, what is 515967 - -3?
51596a
In base 15, what is 50 + -16e?
-11e
In base 10, what is 14816 + -5?
14811
In base 7, what is -63 + 62610?
62514
In base 3, what is -2000121122 + -12?
-2000121211
In base 6, what is -23 - 210321?
-210344
In base 6, what is -2511 + -2214?
-5125
In base 14, what is -18d - -39?
-154
In base 3, what is 110 + -100121110022?
-100121102212
In base 13, what is -2182a + -5?
-21832
In base 9, what